ultiple of 5?
True
Does 51 divide 9027?
True
Is 336 a multiple of 14?
True
Is 520 a multiple of 52?
True
Is 71 a factor of 497?
True
Is 45480 a multiple of 24?
True
Does 14 divide 8622?
False
Is 2521 a multiple of 18?
False
Is 57 a multiple of 3?
True
Is 20 a factor of 80?
True
Does 7 divide 207?
False
Is 243 even?
False
Is 7 a factor of 776?
False
Is 9083 a multiple of 154?
False
Does 65 divide 650?
True
Is 15 a factor of 855?
True
Is 49 a factor of 41307?
True
Does 32 divide 736?
True
Is 605 a multiple of 5?
True
Does 16 divide 5286?
False
Is 1763 even?
False
Is 45 a factor of 3551?
False
Does 15 divide 26190?
True
Is 1407 a multiple of 16?
False
Is 85 a factor of 22440?
True
Is 261 a factor of 9396?
True
Is 15 a factor of 1380?
True
Is 7 a factor of 3919?
False
Is 10 a factor of 820?
True
Is 8 a factor of 21496?
True
Does 7 divide 377?
False
Is 2371 a multiple of 53?
False
Is 1770 a multiple of 30?
True
Does 137 divide 1677?
False
Does 130 divide 9100?
True
Is 36 a factor of 133?
False
Is 75 a multiple of 3?
True
Is 2550 a multiple of 6?
True
Is 777 a multiple of 37?
True
Does 52 divide 3042?
False
Is 64259 a multiple of 41?
False
Is 39 a factor of 34281?
True
Does 2 divide 93?
False
Is 18 a factor of 308?
False
Is 524 a multiple of 13?
False
Is 3404 a multiple of 9?
False
Is 6384 a multiple of 112?
True
Is 827 a multiple of 10?
False
Does 29 divide 4582?
True
Is 66 a multiple of 6?
True
Is 94 a factor of 3140?
False
Is 15 a factor of 85080?
True
Is 4 a factor of 154?
False
Does 27 divide 216?
True
Is 4240 a multiple of 80?
True
Is 6 a factor of 618?
True
Is 11 a factor of 16289?
False
Does 10 divide 23590?
True
Does 11 divide 22924?
True
Is 226 a factor of 10054?
False
Does 2 divide 62?
True
Is 72 a factor of 288?
True
Is 10 a factor of 1230?
True
Is 4 a factor of 349?
False
Does 5 divide 175?
True
Does 10 divide 610?
True
Is 1571 a multiple of 30?
False
Does 18 divide 720?
True
Does 121 divide 3025?
True
Is 6722 a multiple of 20?
False
Does 10 divide 1794?
False
Does 2 divide 54?
True
Is 5077 a multiple of 82?
False
Does 2 divide 125?
False
Does 30 divide 3810?
True
Is 96 a factor of 2679?
False
Is 17 a factor of 18190?
True
Is 13 a factor of 46553?
True
Is 10140 a multiple of 247?
False
Is 90 a factor of 124110?
True
Is 79 a factor of 1078?
False
Does 31 divide 2242?
False
Does 51 divide 1996?
False
Does 44 divide 616?
True
Is 23 a factor of 13041?
True
Does 48 divide 2928?
True
Does 24 divide 1200?
True
Is 69100 a multiple of 10?
True
Is 2444 a multiple of 15?
False
Is 3 a factor of 3596?
False
Is 13 a factor of 1538?
False
Is 37 a factor of 2132?
False
Is 17556 a multiple of 44?
True
Is 29 a factor of 1148?
False
Is 2212 a multiple of 14?
True
Is 7 a factor of 219?
False
Does 24 divide 83050?
False
Does 15 divide 56835?
True
Does 9 divide 22737?
False
Is 3819 a multiple of 19?
True
Is 58 a factor of 1945?
False
Does 85 divide 12432?
False
Is 3535 a multiple of 17?
False
Is 1184 a multiple of 8?
True
Does 5 divide 4110?
True
Does 41 divide 317?
False
Is 398 a multiple of 3?
False
Does 39 divide 1346?
False
Is 15 a factor of 127140?
True
Is 62 a factor of 1116?
True
Is 6 a factor of 318?
True
Is 700 a multiple of 14?
True
Does 9 divide 342?
True
Does 122 divide 15982?
True
Is 2925 a multiple of 5?
True
Does 17 divide 907?
False
Does 12 divide 6124?
False
Does 36 divide 1541?
False
Does 8 divide 816?
True
Does 23 divide 40872?
False
Does 34 divide 4856?
False
Is 4 a factor of 2156?
True
Does 9 divide 513?
True
Does 11 divide 351?
False
Does 12 divide 1044?
True
Is 16 a multiple of 10?
False
Is 116607 a multiple of 82?
False
Is 973 a multiple of 2?
False
Is 53 a factor of 9916?
False
Is 12694 a multiple of 14?
False
Does 38 divide 8376?
False
Is 7 a factor of 428?
False
Is 44 a factor of 3604?
False
Is 41 a factor of 492?
True
Is 2095 a multiple of 12?
False
Does 33 divide 4508?
False
Is 6 a factor of 5286?
True
Is 9326 a multiple of 14?
False
Is 116 a factor of 5483?
False
Does 49 divide 5782?
True
Is 28 a factor of 1322?
False
Does 50 divide 40344?
False
Is 3627 a multiple of 101?
False
Is 1739 a multiple of 6?
False
Is 4 a factor of 254?
False
Does 3 divide 371?
False
Is 442 a multiple of 26?
True
Is 1892 even?
True
Does 6 divide 554?
False
Is 130840 a multiple of 22?
False
Is 43901 a multiple of 13?
True
Is 17995 a multiple of 59?
True
Does 161 divide 8211?
True
Does 67 divide 6164?
True
Is 175 a factor of 22611?
False
Does 24 divide 7558?
False
Is 714 a multiple of 17?
True
Does 26 divide 9230?
True
Does 6 divide 876?
True
Is 18120 a multiple of 25?
False
Does 26 divide 128128?
True
Is 45600 a multiple of 95?
True
Is 50 a factor of 1970?
False
Does 15 divide 2135?
False
Does 98 divide 5802?
False
Is 15 a factor of 8568?
False
Does 12 divide 1116?
True
Does 5 divide 8068?
False
Is 29 a factor of 725?
True
Is 2 a factor of 20?
True
Does 52 divide 108?
False
Is 80 a factor of 6640?
True
Is 3 a factor of 463?
False
Is 16 a factor of 1279?
False
Is 28459 a multiple of 149?
True
Is 5042 a multiple of 10?
False
Does 69 divide 9315?
True
Is 2038 a multiple of 3?
False
Does 18 divide 2322?
True
Is 1025 a multiple of 33?
False
Is 35 a factor of 3220?
True
Is 38 a factor of 46776?
False
Is 15 a factor of 3388?
False
Is 2214 a multiple of 35?
False
Is 629 a multiple of 5?
False
Does 82 divide 820?
True
Is 48 a factor of 10704?
True
Is 14214 a multiple of 53?
False
Is 473 a multiple of 43?
True
Is 1313 a multiple of 6?
False
Is 12 a factor of 8388?
True
Is 1455 a multiple of 15?
True
Does 21 divide 826?
False
Is 268 a factor of 22780?
True
Is 232 a multiple of 29?
True
Does 37 divide 5513?
True
Is 15435 a multiple of 7?
True
Is 12336 a multiple of 12?
True
Is 4871 a multiple of 118?
False
Is 5895 a multiple of 3?
True
Does 14 divide 448?
True
Does 2 divide 14405?
False
Is 108278 a multiple of 10?
False
Does 7 divide 357?
True
Is 489 a multiple of 103?
False
Does 3 divide 363?
True
Does 6 divide 63?
False
Is 61 a multiple of 3?
False
Is 1584 a multiple of 72?
True
Is 329 a multiple of 47?
True
Is 32 a factor of 1158?
False
Is 5590 a multiple of 65?
True
Is 15810 a multiple of 15?
True
Is 3420 a multiple of 30?
True
Does 64 divide 960?
True
Is 1242 a multiple of 23?
True
Is 523 a multiple of 123?
False
Does 3 divide 1962?
True
Does 21 divide 19761?
True
Is 32 a factor of 4712?
False
Is 3661 a multiple of 50?
False
Is 4726 a multiple of 17?
True
Does 57 divide 1577?
False
Does 32 divide 14240?
True
Is 45 a factor of 584?
False
Does 11 divide 24123?
True
Is 16 a factor of 32992?
True
Does 13 divide 2842?
False
Is 17879 a multiple of 67?
False
Does 18 divide 19416?
False
Is 55 a factor of 72243?
False
Is 4194 a multiple of 16?
False
Is 17 a factor of 799?
True
Is 5 a factor of 1169?
False
Is 2604 a multiple of 62?
True
Is 12 a factor of 7255?
False
Is 4 a factor of 716?
True
Is 3750 a multiple of 15?
True
Is 38 a factor of 2470?
True
Is 177 a factor of 14823?
False
Is 15749 a multiple of 30?
False
Is 14 a factor of 143150?
True
Is 7650 a multiple of 85?
True
Is 779 a multiple of 41?
True
Is 6853 a multiple of 24?
False
Is 7257 a multiple of 177?
True
Does 14 divide 756?
True
Is 29568 a multiple of 7?
True
Is 330 a multiple of 10?
True
Does 98 divide 30328?
False
Does 47 divide 6016?
True
Is 53 a factor of 916?
False
Is 19 a factor of 563?
False
Does 5 divide 1151?
False
Is 12 a factor of 4465?
False
Is 730 a multiple of 2?
True
Is 20 a factor of 3784?
False
Is 2438 a multiple of 38?
False
Does 3 divide 1830?
True
Is 4488 a multiple of 20?
False
Does 38 divide 5244?
True
Does 89 divide 18067?
True
Does 29 divide 174?
True
Does 97 divide 44329?
True
Is 1352 a multiple of 104?
True
Does 13 divide 11167?
True
Is 10380 a multiple of 15?
True
Is 20 a factor of 480?
True
Is 72610 a multiple of 22?
False
Is 3 a factor of 780?
True
Does 14 divide 1784?
False
Is 56 a factor of 1325?
False
Is 101 a factor of 6262?
True
Is 73 a factor of 16133?
True
Is 16648 a multiple of 8?
True
Does 8 divide 952?
True
Is 39 a factor of 1507?
False
Does 51 divide 270?
False
Is 406 a factor of 81606?
True
Is 10 a factor of 5371?
False
Is 447 a multiple of 3?
True
Does 13 divide 47?
False
Is 41 a factor of 942?
False
Is 40603 a multiple of 11?
False
Is 3468 a multiple of 102?
